{"id":14,"date":"2023-04-11T17:08:52","date_gmt":"2023-04-11T15:08:52","guid":{"rendered":"https:\/\/ambasciatapraga.esteri.it\/?page_id=14"},"modified":"2026-02-24T14:21:12","modified_gmt":"2026-02-24T13:21:12","slug":"italia-e-angola","status":"publish","type":"page","link":"https:\/\/ambluanda.esteri.it\/it\/italia-e-angola\/","title":{"rendered":"Italia e Angola"},"content":{"rendered":"<p style=\"text-align: justify;\">Italia e Angola intrattengono ottime relazioni politiche in virt\u00f9 dei forti legami storici: l\u2019Italia ha sostenuto i movimenti d\u2019indipendenza e successivamente ha promosso ingenti sforzi di cooperazione durante la lunga guerra civile. Le relazioni bilaterali si sono ulteriormente approfondite in seguito agli Accordi di Pace del 2002 e al processo di crescita economica avviato nel Paese.<\/p>\n<p style=\"text-align: justify;\">L\u2019Italia \u00e8 stata il primo Paese dell\u2019Europa occidentale a riconoscere l\u2019indipendenza della Repubblica di Angola l\u201911 novembre 1975. Un anno dopo i due Paesi hanno stabilito relazioni diplomatiche.<\/p>\n<p style=\"text-align: justify;\">L\u2019eccellenza delle relazioni tra Italia e Angola \u00e8 testimoniata dall\u2019elevato scambio di visite e dall\u2019organizzazione di incontri bilaterali ai massimi livelli:<\/p>\n<p style=\"text-align: justify;\"><strong>2026<\/strong><\/p>\n<ul style=\"text-align: justify;\">\n<li><strong>14 febbraio<\/strong>: partecipazione della Presidente del Consiglio italiana come Ospite d\u2019Onore all\u2019Assemblea dei Capi di Stato e di Governo dell\u2019Unione Africana (Addis Abeba).<\/li>\n<li><strong>13 febbraio<\/strong>: Secondo Vertice Italia-Africa ad Addis Abeba. La Presidente del Consiglio Giorgia Meloni ha ribadito l\u2019impegno italiano nello sviluppo del Corridoio di Lobito, infrastruttura strategica per collegare i mercati africani a quelli globali.<\/li>\n<li><strong>5 febbraio<\/strong>: Prima Riunione della Piattaforma di Coordinamento sul Corridoio di Lobito, promossa dalla Banca Mondiale. Presenti rappresentanti dei governi di Angola, Repubblica Democratica del Congo e Zambia, oltre a istituzioni finanziarie internazionali. Per l\u2019Italia: Lorenzo Ortona e Carlo Rossotto di Cassa Depositi e Prestiti.<\/li>\n<li><strong>15-16 gennaio<\/strong>: missione a Luanda di una delegazione istituzionale e imprenditoriale italiana del #SistemaItalia, nell\u2019ambito del #PianoMatteiperl\u2019Africa, per esplorare nuove opportunit\u00e0 di collaborazione trilaterale e investimento tra Italia, Angola ed Emirati Arabi Uniti. Incontri con i Ministeri dell\u2019Agricoltura e Foreste, Finanze, Ambiente, Trasporti e Pianificazione.<\/li>\n<\/ul>\n<p style=\"text-align: justify;\"><strong>2025<\/strong><\/p>\n<ul style=\"text-align: justify;\">\n<li><strong>24-25 novembre<\/strong>: 7\u00b0 Vertice UE\u2013UA a Luanda, sul tema <em>&#8220;Promuovere la pace e la prosperit\u00e0 attraverso un multilateralismo efficace&#8221;<\/em>. Co-presieduto dal Presidente dell\u2019Angola Jo\u00e3o Louren\u00e7o e dal Presidente del Consiglio Europeo Ant\u00f3nio Costa. Partecipazione della Presidente della Commissione Europea Ursula von der Leyen e del Presidente della Commissione UA Mahmoud Ali Youssouf. La presenza della Presidente del Consiglio italiana conferma il ruolo centrale dell\u2019Italia nel partenariato strategico Europa\u2013Africa, anche nel quadro del Piano Mattei.<\/li>\n<li><strong>luglio<\/strong>: 40\u00aa edizione della fiera economica di Luanda <strong>FILDA-2025<\/strong>; partecipazione di 16 imprese italiane nel Padiglione Italia, alla presenza dell\u2019Ambasciatore Marco Ricci.<\/li>\n<li><strong>5-8 giugno<\/strong>: sosta nel porto di Luanda del pattugliatore d\u2019altura \u201cComandante BETTICA\u201d della Marina Militare italiana, per attivit\u00e0 operative nel Golfo di Guinea.<\/li>\n<\/ul>\n<p style=\"text-align: justify;\"><strong>2024<\/strong><\/p>\n<ul style=\"text-align: justify;\">\n<li><strong>gennaio<\/strong>: Partecipazione del Ministro di Stato per il Coordinamento Economico Jos\u00e9 de Lima Massano al Vertice Italia\u2013Africa.<\/li>\n<\/ul>\n<p style=\"text-align: justify;\"><strong>2023<\/strong><\/p>\n<ul style=\"text-align: justify;\">\n<li><strong>maggio<\/strong>: visita di Stato a Roma del Presidente della Repubblica dell\u2019Angola Jo\u00e3o Louren\u00e7o.<\/li>\n<\/ul>\n<p style=\"text-align: justify;\"><strong>2022<\/strong><\/p>\n<ul style=\"text-align: justify;\">\n<li><strong>aprile<\/strong>: visita degli allora Ministri degli Affari Esteri Luigi Di Maio e della Transizione Ecologica Roberto Cingolani, su delega del Presidente del Consiglio Mario Draghi.<\/li>\n<li><strong>marzo<\/strong>: visita a Luanda dell\u2019allora Ministro degli Esteri e della Cooperazione Internazionale Luigi Di Maio.<\/li>\n<\/ul>\n<p style=\"text-align: justify;\"><strong>2021<\/strong><\/p>\n<ul style=\"text-align: justify;\">\n<li><strong>luglio<\/strong>: missione a Roma della Segretaria di Stato agli Esteri Esmeralda Mendon\u00e7a per partecipare al Pre-Summit sui Sistemi Alimentari, bilaterale con l\u2019allora Vice Ministra Marina Sereni.<\/li>\n<\/ul>\n<p style=\"text-align: justify;\"><strong>2019<\/strong><\/p>\n<ul style=\"text-align: justify;\">\n<li><strong>settembre<\/strong>: visita a Roma del Ministro delle Risorse Minerarie, Petrolio e Gas Diamantino de Azevedo.<\/li>\n<li><strong>febbraio<\/strong>: visita di Stato del Presidente della Repubblica Sergio Mattarella nella Repubblica dell\u2019Angola, accompagnato dal Ministro degli Esteri Enzo Moavero Milanesi.<\/li>\n<\/ul>\n<p style=\"text-align: justify;\"><strong>2018<\/strong><\/p>\n<ul style=\"text-align: justify;\">\n<li><strong>ottobre<\/strong>: partecipazione del Ministro degli Esteri Manuel Augusto alla II Conferenza Italia\u2013Africa; colloqui con l\u2019allora Ministro Enzo Moavero Milanesi.<\/li>\n<\/ul>\n<p style=\"text-align: justify;\"><strong>2017<\/strong><\/p>\n<ul style=\"text-align: justify;\">\n<li><strong>novembre<\/strong>: visita dell\u2019allora Presidente del Consiglio Paolo Gentiloni nella Repubblica dell\u2019Angola.<\/li>\n<li><strong>luglio<\/strong>: visita del Ministro della Difesa e candidato presidenziale Jo\u00e3o Louren\u00e7o a Roma, Inviato Speciale del Presidente, incontrando l\u2019allora Presidente del Consiglio Paolo Gentiloni.<\/li>\n<li><strong>aprile<\/strong>: visita del Presidente dell\u2019Assemblea Nazionale angolana Fernando da Piedade Dias dos Santos.<\/li>\n<\/ul>\n<p style=\"text-align: justify;\"><strong>2016<\/strong><\/p>\n<ul style=\"text-align: justify;\">\n<li><strong>novembre<\/strong>: visita del Governatore della Banca Centrale angolana Valter Filipe Duarte da Silva.<\/li>\n<li><strong>luglio<\/strong>: visita dell\u2019allora Ministro della Pesca Victoria de Barros Neto alla 32^ sessione del Comitato Pesca alla FAO.<\/li>\n<li><strong>giugno<\/strong>: visita del Ministro della Difesa Jo\u00e3o Louren\u00e7o.<\/li>\n<li><strong>maggio<\/strong>: visite del Ministro degli Esteri Georges Chikoti e del Ministro dell\u2019Agricoltura Afonso Pedro Canga in Italia.<\/li>\n<\/ul>\n<p style=\"text-align: justify;\"><strong>2015<\/strong><\/p>\n<ul style=\"text-align: justify;\">\n<li><strong>ottobre<\/strong>: visita a Luanda del Segretario di Stato alla Difesa Gioacchino Alfano.<\/li>\n<li><strong>settembre<\/strong>: visita a Luanda del Ministro della Difesa Roberta Pinotti.<\/li>\n<li><strong>luglio<\/strong>: visita a Luanda del Ministro delle Politiche Agricole e Forestali Maurizio Martina; visita a Roma del Presidente della Repubblica angolano Jos\u00e9 Eduardo dos Santos.<\/li>\n<\/ul>\n<p style=\"text-align: justify;\"><strong>2014<\/strong><\/p>\n<ul>\n<li style=\"text-align: justify;\"><strong>luglio<\/strong>: visita a Luanda del Presidente del Consiglio Matteo Renzi.<\/li>\n<\/ul>\n<h2><strong>ANGOLA\u00a0\u00a0 <\/strong><\/h2>\n<p><strong>Dati istituzionali e demografici<\/strong><\/p>\n<table width=\"100%\">\n<tbody>\n<tr>\n<td width=\"32%\"><strong>Nome Ufficiale:<\/strong><\/td>\n<td width=\"67%\">Repubblica dell\u2019Angola<\/td>\n<\/tr>\n<tr>\n<td width=\"32%\"><strong>Forma di Governo:<\/strong><\/td>\n<td width=\"67%\">Repubblica Presidenziale<\/td>\n<\/tr>\n<tr>\n<td width=\"32%\"><strong>Capo di Stato e di Governo:<\/strong><\/td>\n<td width=\"67%\">Jo\u00e3o Manuel Gon\u00e7alves Louren\u00e7o (dal 26 settembre 2017)<\/td>\n<\/tr>\n<tr>\n<td width=\"32%\"><strong>Ministro degli Esteri:<\/strong><\/td>\n<td width=\"67%\">T\u00e9te Ant\u00f3nio<\/td>\n<\/tr>\n<tr>\n<td width=\"32%\"><strong>Sistema legislativo:<\/strong><\/td>\n<td width=\"67%\">Assemblea Nazionale monocamerale (220 seggi)<\/td>\n<\/tr>\n<tr>\n<td width=\"32%\"><strong>Sistema legale:<\/strong><\/td>\n<td width=\"67%\">Basato sulla legge civile portoghese<\/td>\n<\/tr>\n<tr>\n<td width=\"32%\"><strong>Suffragio:<\/strong><\/td>\n<td width=\"67%\">Universale a 18 anni di et\u00e0<\/td>\n<\/tr>\n<tr>\n<td width=\"32%\"><strong>Partecipazione a OO.II.:<\/strong><\/td>\n<td width=\"67%\">AFDB, AU, CFC, CPLP, CTBTO, FAO, GGGI, G77, IAEA, ICAO, ICGLR, ICOM, ICRM, IFAD, ILO, IMF, IMO, INTERPOL, IOM, IPU, IRENA, ISA, ITLOS, ITU, OACPS, OPEC, SADC, SOUTH CENTRE, UN, UNESCO, UNIDO, UNION LATINA, UNWTO, UPU, WCO, WIPO, WHO, WMO, WORLD BANK, WTO<\/td>\n<\/tr>\n<\/tbody>\n<\/table>\n<p><strong>Popolazione ed indicatori sociali<\/strong><\/p>\n<table width=\"100%\">\n<tbody>\n<tr>\n<td width=\"31%\"><strong>Popolazione:<\/strong><\/td>\n<td width=\"68%\">36,6 milioni (dato per il 2024\/ fonte: Istituto Nazionale di Statistica dell&#8217;Angola)<\/td>\n<\/tr>\n<tr>\n<td width=\"31%\"><strong>Crescita media annua (tra il 2014 e il 2024):<\/strong><\/td>\n<td width=\"68%\">3,5%<\/td>\n<\/tr>\n<tr>\n<td width=\"31%\"><strong>Aspettativa di vita alla nascita:<\/strong><\/td>\n<td width=\"68%\">58,5 (uomini); 62,7 (donne) (stime 2018)<\/td>\n<\/tr>\n<tr>\n<td width=\"31%\"><strong>Superficie:<\/strong><\/td>\n<td width=\"68%\">1.246.700 kmq<\/td>\n<\/tr>\n<tr>\n<td width=\"31%\"><strong>Capitale:<\/strong><\/td>\n<td width=\"68%\">Luanda<\/td>\n<\/tr>\n<tr>\n<td width=\"31%\"><strong>Principali citt\u00e0:<\/strong><\/td>\n<td width=\"68%\">Luanda (8,330,000), Huambo (1.269.000)<\/td>\n<\/tr>\n<tr>\n<td width=\"31%\"><strong>Gruppi etnici:<\/strong><\/td>\n<td width=\"68%\">Ovimbundu (37%), Ambundu (25%), Bakongo (13%), Meticci (2%), Europei (1%), altri (22%) (stime 2015)<\/td>\n<\/tr>\n<tr>\n<td width=\"31%\"><strong>Religioni:<\/strong><\/td>\n<td width=\"68%\">Oltre la met\u00e0 della popolazione \u00e8 di religione cattolica o protestante; Animismo (30%); Mussulmani (1-2%)<\/td>\n<\/tr>\n<tr>\n<td width=\"31%\"><strong>Lingue:<\/strong><\/td>\n<td width=\"68%\">Portoghese (ufficiale), lingue bantu ed altre lingue locali<\/td>\n<\/tr>\n<\/tbody>\n<\/table>\n","protected":false},"excerpt":{"rendered":"Italia e Angola intrattengono ottime relazioni politiche in virt\u00f9 dei forti legami storici: l\u2019Italia ha sostenuto i movimenti d\u2019indipendenza e successivamente ha promosso ingenti sforzi di cooperazione durante la lunga guerra civile. Le relazioni bilaterali si sono ulteriormente approfondite in seguito agli Accordi di Pace del 2002 e al processo di crescita economica avviato nel [&hellip;]","protected":false},"author":1,"featured_media":0,"parent":0,"menu_order":4,"comment_status":"closed","ping_status":"closed","template":"","meta":{"footnotes":""},"class_list":["post-14","page","type-page","status-publish","hentry"],"_links":{"self":[{"href":"https:\/\/ambluanda.esteri.it\/it\/wp-json\/wp\/v2\/pages\/14","targetHints":{"allow":["GET"]}}],"collection":[{"href":"https:\/\/ambluanda.esteri.it\/it\/wp-json\/wp\/v2\/pages"}],"about":[{"href":"https:\/\/ambluanda.esteri.it\/it\/wp-json\/wp\/v2\/types\/page"}],"author":[{"embeddable":true,"href":"https:\/\/ambluanda.esteri.it\/it\/wp-json\/wp\/v2\/users\/1"}],"replies":[{"embeddable":true,"href":"https:\/\/ambluanda.esteri.it\/it\/wp-json\/wp\/v2\/comments?post=14"}],"version-history":[{"count":6,"href":"https:\/\/ambluanda.esteri.it\/it\/wp-json\/wp\/v2\/pages\/14\/revisions"}],"predecessor-version":[{"id":3596,"href":"https:\/\/ambluanda.esteri.it\/it\/wp-json\/wp\/v2\/pages\/14\/revisions\/3596"}],"wp:attachment":[{"href":"https:\/\/ambluanda.esteri.it\/it\/wp-json\/wp\/v2\/media?parent=14"}],"curies":[{"name":"wp","href":"https:\/\/api.w.org\/{rel}","templated":true}]}}

<p style="text-align: justify;">Italia e Angola intrattengono ottime relazioni politiche in virtù dei forti legami storici: l’Italia ha sostenuto i movimenti d’indipendenza e successivamente ha promosso ingenti sforzi di cooperazione durante la lunga guerra civile. Le relazioni bilaterali si sono ulteriormente approfondite in seguito agli Accordi di Pace del 2002 e al processo di crescita economica avviato nel Paese.</p>
<p style="text-align: justify;">L’Italia è stata il primo Paese dell’Europa occidentale a riconoscere l’indipendenza della Repubblica di Angola l’11 novembre 1975. Un anno dopo i due Paesi hanno stabilito relazioni diplomatiche.</p>
<p style="text-align: justify;">L’eccellenza delle relazioni tra Italia e Angola è testimoniata dall’elevato scambio di visite e dall’organizzazione di incontri bilaterali ai massimi livelli:</p>
<p style="text-align: justify;"><strong>2026</strong></p>
<ul style="text-align: justify;">
<li><strong>14 febbraio</strong>: partecipazione della Presidente del Consiglio italiana come Ospite d’Onore all’Assemblea dei Capi di Stato e di Governo dell’Unione Africana (Addis Abeba).</li>
<li><strong>13 febbraio</strong>: Secondo Vertice Italia-Africa ad Addis Abeba. La Presidente del Consiglio Giorgia Meloni ha ribadito l’impegno italiano nello sviluppo del Corridoio di Lobito, infrastruttura strategica per collegare i mercati africani a quelli globali.</li>
<li><strong>5 febbraio</strong>: Prima Riunione della Piattaforma di Coordinamento sul Corridoio di Lobito, promossa dalla Banca Mondiale. Presenti rappresentanti dei governi di Angola, Repubblica Democratica del Congo e Zambia, oltre a istituzioni finanziarie internazionali. Per l’Italia: Lorenzo Ortona e Carlo Rossotto di Cassa Depositi e Prestiti.</li>
<li><strong>15-16 gennaio</strong>: missione a Luanda di una delegazione istituzionale e imprenditoriale italiana del #SistemaItalia, nell’ambito del #PianoMatteiperl’Africa, per esplorare nuove opportunità di collaborazione trilaterale e investimento tra Italia, Angola ed Emirati Arabi Uniti. Incontri con i Ministeri dell’Agricoltura e Foreste, Finanze, Ambiente, Trasporti e Pianificazione.</li>
</ul>
<p style="text-align: justify;"><strong>2025</strong></p>
<ul style="text-align: justify;">
<li><strong>24-25 novembre</strong>: 7° Vertice UE–UA a Luanda, sul tema <em>&#8220;Promuovere la pace e la prosperità attraverso un multilateralismo efficace&#8221;</em>. Co-presieduto dal Presidente dell’Angola João Lourenço e dal Presidente del Consiglio Europeo António Costa. Partecipazione della Presidente della Commissione Europea Ursula von der Leyen e del Presidente della Commissione UA Mahmoud Ali Youssouf. La presenza della Presidente del Consiglio italiana conferma il ruolo centrale dell’Italia nel partenariato strategico Europa–Africa, anche nel quadro del Piano Mattei.</li>
<li><strong>luglio</strong>: 40ª edizione della fiera economica di Luanda <strong>FILDA-2025</strong>; partecipazione di 16 imprese italiane nel Padiglione Italia, alla presenza dell’Ambasciatore Marco Ricci.</li>
<li><strong>5-8 giugno</strong>: sosta nel porto di Luanda del pattugliatore d’altura “Comandante BETTICA” della Marina Militare italiana, per attività operative nel Golfo di Guinea.</li>
</ul>
<p style="text-align: justify;"><strong>2024</strong></p>
<ul style="text-align: justify;">
<li><strong>gennaio</strong>: Partecipazione del Ministro di Stato per il Coordinamento Economico José de Lima Massano al Vertice Italia–Africa.</li>
</ul>
<p style="text-align: justify;"><strong>2023</strong></p>
<ul style="text-align: justify;">
<li><strong>maggio</strong>: visita di Stato a Roma del Presidente della Repubblica dell’Angola João Lourenço.</li>
</ul>
<p style="text-align: justify;"><strong>2022</strong></p>
<ul style="text-align: justify;">
<li><strong>aprile</strong>: visita degli allora Ministri degli Affari Esteri Luigi Di Maio e della Transizione Ecologica Roberto Cingolani, su delega del Presidente del Consiglio Mario Draghi.</li>
<li><strong>marzo</strong>: visita a Luanda dell’allora Ministro degli Esteri e della Cooperazione Internazionale Luigi Di Maio.</li>
</ul>
<p style="text-align: justify;"><strong>2021</strong></p>
<ul style="text-align: justify;">
<li><strong>luglio</strong>: missione a Roma della Segretaria di Stato agli Esteri Esmeralda Mendonça per partecipare al Pre-Summit sui Sistemi Alimentari, bilaterale con l’allora Vice Ministra Marina Sereni.</li>
</ul>
<p style="text-align: justify;"><strong>2019</strong></p>
<ul style="text-align: justify;">
<li><strong>settembre</strong>: visita a Roma del Ministro delle Risorse Minerarie, Petrolio e Gas Diamantino de Azevedo.</li>
<li><strong>febbraio</strong>: visita di Stato del Presidente della Repubblica Sergio Mattarella nella Repubblica dell’Angola, accompagnato dal Ministro degli Esteri Enzo Moavero Milanesi.</li>
</ul>
<p style="text-align: justify;"><strong>2018</strong></p>
<ul style="text-align: justify;">
<li><strong>ottobre</strong>: partecipazione del Ministro degli Esteri Manuel Augusto alla II Conferenza Italia–Africa; colloqui con l’allora Ministro Enzo Moavero Milanesi.</li>
</ul>
<p style="text-align: justify;"><strong>2017</strong></p>
<ul style="text-align: justify;">
<li><strong>novembre</strong>: visita dell’allora Presidente del Consiglio Paolo Gentiloni nella Repubblica dell’Angola.</li>
<li><strong>luglio</strong>: visita del Ministro della Difesa e candidato presidenziale João Lourenço a Roma, Inviato Speciale del Presidente, incontrando l’allora Presidente del Consiglio Paolo Gentiloni.</li>
<li><strong>aprile</strong>: visita del Presidente dell’Assemblea Nazionale angolana Fernando da Piedade Dias dos Santos.</li>
</ul>
<p style="text-align: justify;"><strong>2016</strong></p>
<ul style="text-align: justify;">
<li><strong>novembre</strong>: visita del Governatore della Banca Centrale angolana Valter Filipe Duarte da Silva.</li>
<li><strong>luglio</strong>: visita dell’allora Ministro della Pesca Victoria de Barros Neto alla 32^ sessione del Comitato Pesca alla FAO.</li>
<li><strong>giugno</strong>: visita del Ministro della Difesa João Lourenço.</li>
<li><strong>maggio</strong>: visite del Ministro degli Esteri Georges Chikoti e del Ministro dell’Agricoltura Afonso Pedro Canga in Italia.</li>
</ul>
<p style="text-align: justify;"><strong>2015</strong></p>
<ul style="text-align: justify;">
<li><strong>ottobre</strong>: visita a Luanda del Segretario di Stato alla Difesa Gioacchino Alfano.</li>
<li><strong>settembre</strong>: visita a Luanda del Ministro della Difesa Roberta Pinotti.</li>
<li><strong>luglio</strong>: visita a Luanda del Ministro delle Politiche Agricole e Forestali Maurizio Martina; visita a Roma del Presidente della Repubblica angolano José Eduardo dos Santos.</li>
</ul>
<p style="text-align: justify;"><strong>2014</strong></p>
<ul>
<li style="text-align: justify;"><strong>luglio</strong>: visita a Luanda del Presidente del Consiglio Matteo Renzi.</li>
</ul>
<h2><strong>ANGOLA   </strong></h2>
<p><strong>Dati istituzionali e demografici</strong></p>
<table width="100%">
<tbody>
<tr>
<td width="32%"><strong>Nome Ufficiale:</strong></td>
<td width="67%">Repubblica dell’Angola</td>
</tr>
<tr>
<td width="32%"><strong>Forma di Governo:</strong></td>
<td width="67%">Repubblica Presidenziale</td>
</tr>
<tr>
<td width="32%"><strong>Capo di Stato e di Governo:</strong></td>
<td width="67%">João Manuel Gonçalves Lourenço (dal 26 settembre 2017)</td>
</tr>
<tr>
<td width="32%"><strong>Ministro degli Esteri:</strong></td>
<td width="67%">Téte António</td>
</tr>
<tr>
<td width="32%"><strong>Sistema legislativo:</strong></td>
<td width="67%">Assemblea Nazionale monocamerale (220 seggi)</td>
</tr>
<tr>
<td width="32%"><strong>Sistema legale:</strong></td>
<td width="67%">Basato sulla legge civile portoghese</td>
</tr>
<tr>
<td width="32%"><strong>Suffragio:</strong></td>
<td width="67%">Universale a 18 anni di età</td>
</tr>
<tr>
<td width="32%"><strong>Partecipazione a OO.II.:</strong></td>
<td width="67%">AFDB, AU, CFC, CPLP, CTBTO, FAO, GGGI, G77, IAEA, ICAO, ICGLR, ICOM, ICRM, IFAD, ILO, IMF, IMO, INTERPOL, IOM, IPU, IRENA, ISA, ITLOS, ITU, OACPS, OPEC, SADC, SOUTH CENTRE, UN, UNESCO, UNIDO, UNION LATINA, UNWTO, UPU, WCO, WIPO, WHO, WMO, WORLD BANK, WTO</td>
</tr>
</tbody>
</table>
<p><strong>Popolazione ed indicatori sociali</strong></p>
<table width="100%">
<tbody>
<tr>
<td width="31%"><strong>Popolazione:</strong></td>
<td width="68%">36,6 milioni (dato per il 2024/ fonte: Istituto Nazionale di Statistica dell&#8217;Angola)</td>
</tr>
<tr>
<td width="31%"><strong>Crescita media annua (tra il 2014 e il 2024):</strong></td>
<td width="68%">3,5%</td>
</tr>
<tr>
<td width="31%"><strong>Aspettativa di vita alla nascita:</strong></td>
<td width="68%">58,5 (uomini); 62,7 (donne) (stime 2018)</td>
</tr>
<tr>
<td width="31%"><strong>Superficie:</strong></td>
<td width="68%">1.246.700 kmq</td>
</tr>
<tr>
<td width="31%"><strong>Capitale:</strong></td>
<td width="68%">Luanda</td>
</tr>
<tr>
<td width="31%"><strong>Principali città:</strong></td>
<td width="68%">Luanda (8,330,000), Huambo (1.269.000)</td>
</tr>
<tr>
<td width="31%"><strong>Gruppi etnici:</strong></td>
<td width="68%">Ovimbundu (37%), Ambundu (25%), Bakongo (13%), Meticci (2%), Europei (1%), altri (22%) (stime 2015)</td>
</tr>
<tr>
<td width="31%"><strong>Religioni:</strong></td>
<td width="68%">Oltre la metà della popolazione è di religione cattolica o protestante; Animismo (30%); Mussulmani (1-2%)</td>
</tr>
<tr>
<td width="31%"><strong>Lingue:</strong></td>
<td width="68%">Portoghese (ufficiale), lingue bantu ed altre lingue locali</td>
</tr>
</tbody>
</table>

Italia e Angola intrattengono ottime relazioni politiche in virtù dei forti legami storici: l’Italia ha sostenuto i movimenti d’indipendenza e successivamente ha promosso ingenti sforzi di cooperazione durante la lunga guerra civile. Le relazioni bilaterali si sono ulteriormente approfondite in seguito agli Accordi di Pace del 2002 e al processo di crescita economica avviato nel [&hellip;]
